 of 5173404?
True
Is 12 a factor of 698040?
True
Does 23 divide 16923988?
False
Is 804733 a multiple of 10?
False
Is 5630 a multiple of 5?
True
Does 560 divide 725200?
True
Is 248332 a multiple of 126?
False
Does 42 divide 10687487?
False
Does 26 divide 138372?
True
Is 204 a factor of 3502884?
True
Is 204 a factor of 8023568?
False
Is 12897 a multiple of 5?
False
Is 14857817 a multiple of 84?
False
Does 18 divide 132838?
False
Is 210936 a multiple of 12?
True
Is 61 a factor of 78019?
True
Does 65 divide 514637?
False
Does 112 divide 243488?
True
Does 3 divide 287616?
True
Is 12 a factor of 2234743?
False
Is 191 a factor of 205592?
False
Is 36 a factor of 2716927?
False
Does 68 divide 832660?
True
Is 171101 a multiple of 62?
False
Is 363 a factor of 2513164?
False
Is 186796 a multiple of 82?
True
Is 318 a factor of 164724?
True
Is 663 a factor of 2213161?
False
Is 76 a factor of 12204?
False
Is 98616 a multiple of 16?
False
Does 13 divide 251823?
True
Is 2 a factor of 17642?
True
Is 6448669 a multiple of 521?
False
Does 2 divide 299167?
False
Does 203 divide 1484988?
False
Is 13 a factor of 2361040?
False
Does 110 divide 8996900?
True
Is 304130 a multiple of 938?
False
Is 198122 a multiple of 15?
False
Is 2642860 a multiple of 82?
True
Does 21 divide 1252848?
False
Is 49 a factor of 726438?
False
Does 12 divide 4292?
False
Is 1304036 a multiple of 17?
True
Does 27 divide 140184?
True
Is 280341 a multiple of 244?
False
Does 65 divide 4219821?
False
Is 483 a factor of 2410941?
False
Does 3 divide 200875?
False
Does 154 divide 1268927?
False
Is 12 a factor of 1118634?
False
Is 110484 a multiple of 297?
True
Is 119 a factor of 4154732?
False
Does 16 divide 1954480?
True
Does 27 divide 69176?
False
Is 156 a factor of 1501142?
False
Is 163 a factor of 140180?
True
Is 192030 a multiple of 15?
True
Is 52808 a multiple of 328?
True
Is 11 a factor of 7876?
True
Is 41 a factor of 835088?
True
Is 16 a factor of 13708784?
True
Is 30 a factor of 2469842?
False
Is 8 a factor of 145899?
False
Does 105 divide 319095?
True
Does 59 divide 334589?
True
Is 189 a factor of 22869?
True
Does 595 divide 14517499?
False
Does 158 divide 3910039?
False
Is 5920391 a multiple of 43?
False
Is 67313 a multiple of 302?
False
Is 103 a factor of 261414?
True
Is 14 a factor of 4184810?
True
Is 142800 a multiple of 102?
True
Is 2250750 a multiple of 75?
True
Is 1443848 a multiple of 23?
True
Is 82900 a multiple of 7?
False
Is 118 a factor of 5138555?
False
Does 634 divide 3422332?
True
Is 239266 a multiple of 177?
False
Does 3 divide 22155?
True
Is 263235 a multiple of 15?
True
Does 13 divide 884071?
False
Is 828 a factor of 3061838?
False
Does 234 divide 728131?
False
Is 6021108 a multiple of 643?
False
Is 30 a factor of 3005280?
True
Is 866591 a multiple of 128?
False
Is 16 a factor of 38478?
False
Does 1204 divide 887730?
False
Is 964910 a multiple of 26?
False
Is 220 a factor of 794860?
True
Does 40 divide 1216160?
True
Is 132534 a multiple of 74?
True
Is 3 a factor of 2122597?
False
Does 368 divide 11225816?
False
Is 51872 a multiple of 32?
True
Does 1027 divide 827398?
False
Does 99 divide 434016?
True
Is 225 a factor of 185514?
False
Is 2812095 a multiple of 627?
True
Is 9 a factor of 26244?
True
Is 341550 a multiple of 33?
True
Is 1416720 a multiple of 6?
True
Is 22 a factor of 5166546?
True
Is 277300 a multiple of 238?
False
Does 80 divide 401680?
True
Is 52 a factor of 177341?
False
Is 204732 a multiple of 22?
True
Does 41 divide 1224055?
True
Is 438 a factor of 533922?
True
Does 15 divide 91779?
False
Does 294 divide 149940?
True
Does 224 divide 199808?
True
Is 107 a factor of 2500473?
False
Is 15 a factor of 48015?
True
Is 3 a factor of 54478?
False
Is 611417 a multiple of 582?
False
Is 164 a factor of 115292?
True
Is 4951647 a multiple of 57?
True
Does 38 divide 732236?
False
Is 5757076 a multiple of 8?
False
Is 54 a factor of 64854?
True
Is 554461 a multiple of 1220?
False
Is 257 a factor of 1769188?
True
Is 610 a factor of 1356640?
True
Is 299764 a multiple of 4?
True
Does 33 divide 99?
True
Does 4 divide 169636?
True
Is 168 a factor of 123898?
False
Is 14 a factor of 1281161?
False
Is 148 a factor of 157620?
True
Is 18 a factor of 2778812?
False
Does 160 divide 827040?
True
Is 47790 a multiple of 30?
True
Is 83 a factor of 585399?
True
Is 291 a factor of 2444361?
False
Does 6 divide 228377?
False
Is 77 a factor of 166471?
False
Is 187 a factor of 11781?
True
Does 45 divide 10439760?
False
Is 2597420 a multiple of 799?
False
Does 19 divide 21200?
False
Is 476326 a multiple of 22?
False
Is 12223413 a multiple of 261?
True
Is 3 a factor of 481956?
True
Is 12099 a multiple of 23?
False
Is 92 a factor of 491611?
False
Does 232 divide 88624?
True
Is 227 a factor of 114635?
True
Is 168296 a multiple of 3?
False
Is 5568172 a multiple of 2?
True
Is 17 a factor of 93144?
False
Is 63 a factor of 1384315?
False
Is 24 a factor of 156888?
True
Is 3088286 a multiple of 97?
True
Is 3965430 a multiple of 805?
True
Is 45 a factor of 1766666?
False
Does 110 divide 392590?
True
Is 15451968 a multiple of 42?
True
Is 118 a factor of 18151353?
False
Is 5876448 a multiple of 12?
True
Is 275 a factor of 89228?
False
Is 16277319 a multiple of 1220?
False
Does 22 divide 1124862?
False
Is 70852 a multiple of 135?
False
Does 10 divide 3884590?
True
Does 115 divide 1795380?
True
Is 61568 a multiple of 87?
False
Is 1710250 a multiple of 77?
False
Is 18251893 a multiple of 11?
True
Does 219 divide 3587023?
False
Is 4300260 a multiple of 335?
False
Does 84 divide 45162?
False
Is 202 a factor of 49490?
True
Is 542128 a multiple of 124?
True
Is 598 a factor of 153377?
False
Is 7887 a multiple of 3?
True
Is 27 a factor of 2970748?
False
Is 12894 a multiple of 94?
False
Is 45 a factor of 1370250?
True
Does 581 divide 494799?
False
Is 556778 a multiple of 395?
False
Does 9 divide 844884?
True
Is 268591 a multiple of 15?
False
Is 1049691 a multiple of 501?
False
Is 190 a factor of 133000?
True
Is 375 a factor of 609228?
False
Does 282 divide 4810963?
False
Does 23 divide 1646?
False
Does 47 divide 16450?
True
Is 1534118 a multiple of 59?
True
Does 71 divide 446590?
True
Is 72236 a multiple of 6?
False
Is 37 a factor of 88273?
False
Is 73 a factor of 432312?
False
Does 5 divide 1559343?
False
Does 106 divide 24527?
False
Does 22 divide 422088?
False
Does 8 divide 825768?
True
Does 554 divide 97513?
False
Is 10 a factor of 45980?
True
Is 16 a factor of 437346?
False
Does 8 divide 4115?
False
Is 329892 a multiple of 18?
False
Is 50 a factor of 630957?
False
Does 418 divide 857736?
True
Is 592231 a multiple of 211?
False
Is 329 a factor of 4739775?
False
Is 53009 a multiple of 9?
False
Does 445 divide 1151341?
False
Is 103484 a multiple of 6?
False
Does 201 divide 63315?
True
Does 22 divide 125004?
True
Is 33960 a multiple of 31?
False
Is 9181991 a multiple of 299?
True
Is 321 a factor of 1172934?
True
Is 6 a factor of 161771?
False
Is 5922700 a multiple of 175?
True
Does 5 divide 205107?
False
Is 356 a factor of 11235716?
True
Is 8798265 a multiple of 371?
True
Does 30 divide 11736990?
True
Is 1667652 a multiple of 28?
True
Is 128751 a multiple of 8?
False
Is 20479788 a multiple of 20?
False
Does 31 divide 1253146?
False
Is 1723 a factor of 14214577?
False
Does 136 divide 9956043?
False
Is 259290 a multiple of 215?
True
Does 59 divide 682630?
True
Is 212 a factor of 175280?
False
Does 45 divide 950696?
False
Does 30 divide 70171?
False
Is 13 a factor of 233344?
False
Does 224 divide 70784?
True
Does 59 divide 25431?
False
Is 5 a factor of 140400?
True
Is 638400 a multiple of 133?
True
Is 57423 a multiple of 3?
True
Is 71790 a multiple of 5?
True
Is 323 a factor of 5491?
True
Is 16326749 a multiple of 97?
True
Is 226 a factor of 43844?
True
Is 42882 a multiple of 11?
False
Is 6998200 a multiple of 50?
True
Is 1887568 a multiple of 16?
True
Is 446530 a multiple of 70?
True
Is 38768 a multiple of 5?
False
Does 244 divide 400757?
False
Is 109 a factor of 436672?
False
Does 272 divide 2940592?
True
Is 6488924 a multiple of 58?
True
Is 179 a factor of 171998?
False
Does 45 divide 3438077?
False
Does 278 divide 8276933?
False
Is 9 a factor of 27416?
False
Is 159529 a multiple of 79?
False
Is 24 a factor of 1